digit of d(w)?
2
Let b(n) = n**2 + n - 1. Let d(h) = h**2 - h + 1. Let v(z) = b(z) + 4*d(z). Let l be v(-3). Suppose -4*r + 51 = -l. What is the tens digit of r?
2
Let q = -238 - -246. What is the units digit of q?
8
Let d be 26/6 + (-1)/3 + -2. What is the units digit of (d/(-4) + (-39)/6)*-15?
5
Let p(k) = 22*k**2 - k + 2. Let o be p(1). Let j = 27 + o. What is the tens digit of j?
5
Suppose -5*s - 183 = -8. Let o be (-75)/(-21) + (-15)/s. Suppose -3*p + 0*p + 3*q + 165 = 0, -p + 80 = o*q. What is the tens digit of p?
6
Suppose 10*k - 10082 = 13318. What is the hundreds digit of k?
3
Let r = 6 - 9. What is the units digit of 3*(22 + r*(-2)/(-9))?
4
Let m be 1/(-5) + (-42)/(-10). Suppose -3*c - g + 0*g = -8, -m*c - 4*g = 0. Suppose 4*k + 0*z - 38 = -2*z, -3*z = c*k - 33. What is the tens digit of k?
1
Let m be (2 + 3/(-1))*-1 - -1. Suppose 14 + 2 = 4*k. Suppose 264 = k*z - 3*w, 5*z - m*w = -0*w + 330. What is the units digit of z?
6
Suppose -17*u = 2281 - 19468. What is the thousands digit of u?
1
Let n(o) = -o - 6. Suppose 42 = -4*i - x, 3*i - 7*i - 36 = -2*x. Let f be n(i). Suppose 0 = f*g + 4, 0*k - g + 83 = 4*k. What is the units digit of k?
1
Let b(f) = -f**2 - 9*f + 39. Let v be b(-12). Suppose 4*u + v*h = 232, -3*h + 45 = u + h. What is the units digit of u?
1
What is the units digit of ((-19)/38)/(2/(-1120))?
0
Suppose 2*o = 186 - 28. Let d = o - 49. What is the tens digit of d?
3
Let v(i) = -55*i + 4. Let z(u) = -18*u + 1. Let j(x) = 3*v(x) - 8*z(x). Let g be j(-2). Suppose 2*h = -0*h + g. What is the tens digit of h?
2
Suppose 37*d - 6*d = 20863. What is the tens digit of d?
7
Let q be (30/7)/((-7)/49). What is the units digit of 4/q + 6504/180?
6
Suppose -23*h - 57200 = -43*h. What is the thousands digit of h?
2
Suppose 4*j + 3*o - 1129 = 0, 0*o - 1117 = -4*j + o. Suppose 12*x - j = 5*x. What is the tens digit of x?
4
Let w(x) be the second derivative of -8*x**3/3 - 47*x**2/2 + 19*x. What is the tens digit of w(-7)?
6
Let q = -1012 + 2241. What is the tens digit of q?
2
Let g = -36 + 76. Suppose 44*n = g*n + 240. What is the units digit of n?
0
Suppose -32*u + 30167 - 4759 = 0. What is the hundreds digit of u?
7
Let r(x) = -37 - 10*x**2 + 46 + 3*x**3 + 3*x - 4*x**3. What is the tens digit of r(-11)?
9
Let b = 18 + 1. What is the units digit of (187 + -1)*b/38?
3
Suppose n - 2*w - 5 = -1, -2*w = -2*n. Suppose -8*h + 108 = -4. Let l = h - n. What is the tens digit of l?
1
Let y(v) = 1. Let x(n) = -n**3 - 13*n**2 + 3*n + 13. Let a(k) = -x(k) - 2*y(k). What is the units digit of a(-13)?
4
Suppose 7*j + 182 = -7*j. Let z(i) = i**3 + 14*i**2 + 5*i + 29. What is the hundreds digit of z(j)?
1
What is the hundreds digit of (2 - (-20)/(-12))*3 - -497?
4
Let d(g) = -g**2 - 12*g - 15. Let c be d(-10). What is the units digit of (2 + 3)/c*2?
2
Let z = -1 + 0. Let o = 172 + -189. What is the units digit of o + 14 - (z + -53)?
1
Suppose -4730 = -9*h + 3811. What is the tens digit of h?
4
Suppose -4*d = -2*d - 5*h - 285, -d - 4*h + 175 = 0. Suppose 2*o + 3*o = d. What is the units digit of o?
1
Let r(c) = 13*c**3 - 2*c**2 - 13*c + 7. What is the tens digit of r(6)?
6
Let b be 2/(-4) + 198/44. What is the units digit of 31 - 1/2*b?
9
Let t(k) = 4*k**2 - 6*k. Suppose -i = -8 + 3. What is the tens digit of t(i)?
7
Let g = -48 + 21. Let n = g + 48. What is the tens digit of 363/n + 2/(-7)?
1
Let f be 236/7 + -2 + (-16)/(-7). Let g = 141 - f. What is the units digit of g?
7
Suppose 0 = q + 1, 2*l = -3*l + 5*q + 15. Suppose 4*w + 4*d - l*d - 674 = 0, 3*w = 5*d + 486. What is the tens digit of w?
6
Suppose k - 760 = -7*k. What is the tens digit of k?
9
Let f(z) = -2*z - 10. Let m be f(-8). Let y(l) = -4*l - 4*l + 1 + 4*l**2 + m*l. What is the tens digit of y(2)?
1
Let c be -2 + (-1 - 14*4). Let r be 118/(-3) - 3*1/(-9). Let v = r - c. What is the units digit of v?
0
Suppose -4*k = 4*t + 20288, -2*t - 3*t + 2*k - 25360 = 0. What is the units digit of (-4)/10 + t/(-80)?
3
Suppose 0 = 10*s - 5770 - 26620. What is the hundreds digit of s?
2
Let u(h) = h**3 - h - 2. Let b be -1 - ((-2)/(-2) - 2). Let x be u(b). What is the tens digit of (x/6)/(7/(-609))?
2
Suppose -4*w = -2*l - 14162, -l - 3*l = 4. What is the hundreds digit of w?
5
What is the tens digit of (16/(-6))/((-8)/2124)?
0
Let q(f) = -2*f**2 - 58*f - 51. What is the units digit of q(-28)?
5
Let c = 11 - 9. Suppose 0 = 5*h + 3*v - v - 10, -4*h + 10 = c*v. Let w(o) = o + 12. What is the units digit of w(h)?
2
Let n(p) = -p**3 - p**2 - p + 9. Let i be n(0). Let b = 0 + i. Let v = 13 + b. What is the units digit of v?
2
Let t(q) = -5*q**3 - 3*q**2 - 4*q + 3. Let y be t(-3). Suppose -5*d = p - y - 24, 2*d = 3*p - 424. What is the hundreds digit of p?
1
Let f(l) = l**3 - 4*l**2 + 2*l + 1. Let w be f(2). Let t be (-26)/(-1) + w - -3. Suppose -42 = -4*s + t. What is the units digit of s?
7
What is the tens digit of -618*((-10)/(-3))/(-5)?
1
Let h(q) = 10*q. Let c be h(-6). What is the units digit of 20/c + 175/3?
8
Let z(p) be the second derivative of 11*p**3/3 + 4*p**2 + 17*p. What is the tens digit of z(5)?
1
Let c(w) = -60*w**2 - 7*w - 3. Let x(o) = 20*o**2 + 2*o + 1. Let s(q) = 2*c(q) + 7*x(q). What is the tens digit of s(-1)?
2
Suppose 0 = 2*i, 9 + 1 = 5*z - 4*i. Let h be (-5)/((-9)/9) + -1. What is the tens digit of (h - z) + 12 + 4?
1
Let l(z) = -3*z**3 - 3*z**2 - 3*z - 1. What is the tens digit of l(-3)?
6
Let l(p) = 4*p - 26. Let j be l(8). Let u(y) = y**2 - 5*y - 4. Let g be u(5). Let x = j + g. What is the units digit of x?
2
Let n be 3963/(-18) + 3/18. Let s = n - -509. What is the hundreds digit of s?
2
Suppose 3*k + 12 = 18. What is the hundreds digit of k - -2 - (2 + -110)?
1
Let y be (3/(-6)*0)/(-3). Suppose 36 = u - y. Let d = u - 8. What is the units digit of d?
8
Let a be (-6)/(-5)*10/3. Let p = -968 - -971. Suppose 0 = a*l + 3*k - 278, -p*k - 176 = -4*l + 90. What is the units digit of l?
8
Suppose -2*f + 12*f - 40 = 0. Suppose -3*o = -t - o, -2*t + 6 = -o. Suppose -t*q + 16 = -f*i - 60, -3*i = 0. What is the tens digit of q?
1
Suppose h = -4*s + 13, s + h - 9 = -s. What is the units digit of 1/(s*4/16)?
2
Let a = -300 - -718. What is the units digit of a?
8
What is the tens digit of (-71771)/(-49) - 1 - (-8)/28?
6
What is the hundreds digit of ((-894)/(-44) - 6/(-33))*30?
6
Suppose 8840 - 2144 = 31*x. What is the units digit of x?
6
Let j(y) = 90*y + 27. What is the tens digit of j(5)?
7
Suppose -i - k + 12 = 4*i, -4*i + 24 = -4*k. Suppose 52 = 2*c - 5*t + 8, 116 = 4*c - i*t. What is the tens digit of c?
3
Suppose 4*o + 18 + 2 = 0, 0 = -4*z + 4*o + 1644. What is the hundreds digit of z?
4
Suppose 1622 = -11*q + 7595. What is the units digit of q?
3
Let d(m) be the third derivative of -m**6/120 - m**5/15 + m**4/8 - m**3/6 + m**2. Let o be d(-5). Let r(q) = q**2 - 8*q + 7. What is the units digit of r(o)?
6
Suppose 4*w + 5*c + 12 = 0, 2*c + 7 + 9 = 4*w. Let m = 0 + 5. Suppose 2*z + 4*o + 69 = 5*z, 89 = m*z + w*o. What is the units digit of z?
9
Suppose 4*u = -3*z + 213, -4*u + 219 = -3*z - 0*z. Suppose k = 0, 2*k = -2*s - 0*k + u. Suppose 2*o = 33 + s. What is the tens digit of o?
3
Let v(y) = -442*y - 369. What is the tens digit of v(-7)?
2
Suppose 13*q - 570 - 67 = 0. Suppose -y = 4*r - q, -14 + 92 = 2*y - 2*r. What is the tens digit of y?
4
Suppose -w + 3*t + 2*t - 16 = 0, -12 = -4*t. Let j = w + 23. What is the units digit of j?
2
Let f = 3 - 2. Let n = -39 + 49. What is the tens digit of (12 + f)*(n + -9)?
1
Suppose -2*r - 1864 = -2*c, 6*c = 8*c + 4*r - 1858. What is the units digit of c?
1
Let i(w) = w - 6. Let c be i(10). What is the tens digit of 130/7 - c/7?
1
Let u(x) = -x**3 - 5*x**2 + 7*x + 9. Let p be u(-6). Suppose -p*i - n + 129 = -141, 4*n = 0. What is the units digit of i?
0
Suppose 2*d = -2*y - 14, 0 = 5*y + 3*d - 6*d + 75. Let m = -8 - y. Suppose -g = -m*g + 78. What is the tens digit of g?
2
What is the tens digit of ((-385)/44)/(2/(-112)) + 4?
9
Suppose -6*i = -2*i - 8. Let j(g) = g - 7*g + 15*g**2 + 10 - 14*g**i. What is the units digit of j(5)?
5
Let r be (3/(-12))/(3/(-28))*3. Let a(i) = i**2 - 5*i + 5. What is the tens digit of a(r)?
1
Let s = -5 + 14. Let l(j) = j**2 - 8*j - 6. Let d be l(s). Suppose d*o = 5*o - 14. What is the units digit of o?
7
Let q be (